{"id":75,"date":"2020-03-29T16:50:53","date_gmt":"2020-03-29T14:50:53","guid":{"rendered":"http:\/\/mairie-la-framboisiere.fr\/?page_id=75"},"modified":"2023-10-13T09:36:48","modified_gmt":"2023-10-13T07:36:48","slug":"ma-commune","status":"publish","type":"page","link":"https:\/\/mairie-la-framboisiere.fr\/index.php\/ma-commune\/","title":{"rendered":"Ma commune"},"content":{"rendered":"\n<p><strong>Commune de la Framboisi\u00e8re<\/strong><\/p>\n\n\n\n<p> Commune de la \u00ab&nbsp;communaut\u00e9 de communes du Perche Senonchois&nbsp;\u00bb, situ\u00e9e entre Perche et Thymerais, (entre Chartres et Dreux).<br>  <strong>&#8211;<\/strong> Superficie: 520 hectares entour\u00e9s par la for\u00eat domaniale de Senonches.  <br>  &#8211; 297 Framboisiens au recensement de 1999.  <br> &#8211; 8 Hameaux: le coudreau, les brosses, les mesliers, la p\u00e9pini\u00e8re, le moutier, le grand village, le buisson, le gu\u00e9 bourdon.  <\/p>\n\n\n\n<p> <strong>\u00c9quipements communaux<\/strong> <\/p>\n\n\n\n<p> <strong>-\u00c9cole&nbsp; maternelle<\/strong> <\/p>\n\n\n\n<p> Directrice : Me ETAVE Caroline.<br> Personnel assistant\u00a0( ATSEM ): Me LEGENDRE. <\/p>\n\n\n\n<p>Personnel Restauration : Me GAUVIN<\/p>\n\n\n\n<p><br> Accueil des enfants \u00e0 partir de 3 ans. <br> Enseignement primaire au sein du regroupement p\u00e9dagogique \u00e0 la Puisaye (ramassage par car). <br> Enseignement secondaire au coll\u00e8ge de la loge des bois \u00e0 Senonches (ramassage par car).  <\/p>\n\n\n\n<p> <strong>-Terrain de loisirs et jeux pour enfants<\/strong> <\/p>\n\n\n\n<p> Situ\u00e9 route des brosses. <\/p>\n\n\n\n<p> <strong>-Entretien<\/strong> <\/p>\n\n\n\n<p> Espaces vert\u2026<br> Petits travaux \u2026 <br> Entreprise \u00ab\u00a0LES JARDINS MONASTERIENS\u00a0\u00bb.  <\/p>\n\n\n\n<p> <strong>-Heures de tonte<\/strong> <\/p>\n\n\n\n<p> du Lundi au Vendredi: 8h \u00e0 12h et 14h \u00e0 20h<br> le Samedi: 9h \u00e0 12h et 14h30 \u00e0 19h <br> Dimanche et jours f\u00e9ri\u00e9s: de 10h \u00e0 12h  <\/p>\n","protected":false},"excerpt":{"rendered":"<p>Commune de la Framboisi\u00e8re Commune de la \u00ab&nbsp;communaut\u00e9 de communes du Perche Senonchois&nbsp;\u00bb, situ\u00e9e entre Perche et Thymerais, (entre Chartres et Dreux). &#8211; Superficie: 520 hectares entour\u00e9s par la for\u00eat domaniale de Senonches. &#8211; 297 Framboisiens au recensement de 1999. &#8211; 8 Hameaux: le coudreau, les brosses, les mesliers, la p\u00e9pini\u00e8re, le moutier, le grand [&hellip;]<\/p>\n","protected":false},"author":1,"featured_media":0,"parent":0,"menu_order":0,"comment_status":"closed","ping_status":"closed","template":"","meta":[],"_links":{"self":[{"href":"https:\/\/mairie-la-framboisiere.fr\/index.php\/wp-json\/wp\/v2\/pages\/75"}],"collection":[{"href":"https:\/\/mairie-la-framboisiere.fr\/index.php\/wp-json\/wp\/v2\/pages"}],"about":[{"href":"https:\/\/mairie-la-framboisiere.fr\/index.php\/wp-json\/wp\/v2\/types\/page"}],"author":[{"embeddable":true,"href":"https:\/\/mairie-la-framboisiere.fr\/index.php\/wp-json\/wp\/v2\/users\/1"}],"replies":[{"embeddable":true,"href":"https:\/\/mairie-la-framboisiere.fr\/index.php\/wp-json\/wp\/v2\/comments?post=75"}],"version-history":[{"count":5,"href":"https:\/\/mairie-la-framboisiere.fr\/index.php\/wp-json\/wp\/v2\/pages\/75\/revisions"}],"predecessor-version":[{"id":988,"href":"https:\/\/mairie-la-framboisiere.fr\/index.php\/wp-json\/wp\/v2\/pages\/75\/revisions\/988"}],"wp:attachment":[{"href":"https:\/\/mairie-la-framboisiere.fr\/index.php\/wp-json\/wp\/v2\/media?parent=75"}],"curies":[{"name":"wp","href":"https:\/\/api.w.org\/{rel}","templated":true}]}}