{"id":858,"date":"2022-12-02T17:51:09","date_gmt":"2022-12-02T16:51:09","guid":{"rendered":"http:\/\/mairie-la-framboisiere.fr\/?page_id=858"},"modified":"2023-05-30T18:23:10","modified_gmt":"2023-05-30T16:23:10","slug":"sirtom","status":"publish","type":"page","link":"https:\/\/mairie-la-framboisiere.fr\/index.php\/ma-commune\/sirtom\/","title":{"rendered":"SIRTOM"},"content":{"rendered":"\n<p>Ici vous trouverez les actualit\u00e9s concernant le ramassage des ordures m\u00e9nag\u00e8res ainsi que la d\u00e9chetterie.<\/p>\n\n\n\n<p>Calendrier des collectes de Juillet \u00e0 D\u00e9cembre 2023<\/p>\n\n\n\n<div class=\"wp-block-file\"><a href=\"https:\/\/mairie-la-framboisiere.fr\/wp-content\/uploads\/2023\/05\/20230530163455_00001-scaled.jpg\">20230530163455_00001<\/a><a href=\"https:\/\/mairie-la-framboisiere.fr\/wp-content\/uploads\/2023\/05\/20230530163455_00001-scaled.jpg\" class=\"wp-block-file__button\" download>T\u00e9l\u00e9charger<\/a><\/div>\n\n\n\n<figure class=\"wp-block-image size-large\"><img loading=\"lazy\" width=\"724\" height=\"1024\" src=\"https:\/\/mairie-la-framboisiere.fr\/wp-content\/uploads\/2023\/05\/20230530163455_00001-1-724x1024.jpg\" alt=\"\" class=\"wp-image-951\" srcset=\"https:\/\/mairie-la-framboisiere.fr\/wp-content\/uploads\/2023\/05\/20230530163455_00001-1-724x1024.jpg 724w, https:\/\/mairie-la-framboisiere.fr\/wp-content\/uploads\/2023\/05\/20230530163455_00001-1-212x300.jpg 212w, https:\/\/mairie-la-framboisiere.fr\/wp-content\/uploads\/2023\/05\/20230530163455_00001-1-768x1086.jpg 768w, https:\/\/mairie-la-framboisiere.fr\/wp-content\/uploads\/2023\/05\/20230530163455_00001-1-1086x1536.jpg 1086w, https:\/\/mairie-la-framboisiere.fr\/wp-content\/uploads\/2023\/05\/20230530163455_00001-1-1448x2048.jpg 1448w, https:\/\/mairie-la-framboisiere.fr\/wp-content\/uploads\/2023\/05\/20230530163455_00001-1-scaled.jpg 1810w\" sizes=\"(max-width: 724px) 100vw, 724px\" \/><\/figure>\n","protected":false},"excerpt":{"rendered":"<p>Ici vous trouverez les actualit\u00e9s concernant le ramassage des ordures m\u00e9nag\u00e8res ainsi que la d\u00e9chetterie. Calendrier des collectes de Juillet \u00e0 D\u00e9cembre 2023<\/p>\n","protected":false},"author":2,"featured_media":0,"parent":75,"menu_order":0,"comment_status":"closed","ping_status":"closed","template":"","meta":[],"_links":{"self":[{"href":"https:\/\/mairie-la-framboisiere.fr\/index.php\/wp-json\/wp\/v2\/pages\/858"}],"collection":[{"href":"https:\/\/mairie-la-framboisiere.fr\/index.php\/wp-json\/wp\/v2\/pages"}],"about":[{"href":"https:\/\/mairie-la-framboisiere.fr\/index.php\/wp-json\/wp\/v2\/types\/page"}],"author":[{"embeddable":true,"href":"https:\/\/mairie-la-framboisiere.fr\/index.php\/wp-json\/wp\/v2\/users\/2"}],"replies":[{"embeddable":true,"href":"https:\/\/mairie-la-framboisiere.fr\/index.php\/wp-json\/wp\/v2\/comments?post=858"}],"version-history":[{"count":6,"href":"https:\/\/mairie-la-framboisiere.fr\/index.php\/wp-json\/wp\/v2\/pages\/858\/revisions"}],"predecessor-version":[{"id":952,"href":"https:\/\/mairie-la-framboisiere.fr\/index.php\/wp-json\/wp\/v2\/pages\/858\/revisions\/952"}],"up":[{"embeddable":true,"href":"https:\/\/mairie-la-framboisiere.fr\/index.php\/wp-json\/wp\/v2\/pages\/75"}],"wp:attachment":[{"href":"https:\/\/mairie-la-framboisiere.fr\/index.php\/wp-json\/wp\/v2\/media?parent=858"}],"curies":[{"name":"wp","href":"https:\/\/api.w.org\/{rel}","templated":true}]}}